 - 2. Let l be o(-9). Let p(b) = -b**3 + 56*b**2 - 561*b + 112. Let y be p(43). What is the highest common divisor of l and y?
26
Suppose 270 = -116*o + 134*o. What is the highest common factor of 15 and o?
15
Suppose 6*y = 51*y + 60*y - 214515. Calculate the greatest common factor of 27 and y.
9
Suppose 974*z + 42809 = 26896 + 118183. Suppose 0 = -3*w + 42 + 48. Calculate the greatest common factor of z and w.
15
Let m be (-48)/(2 - -2)*44/(-3). Let h(l) = -l**2 - 16*l - 11. Let k be h(-11). Calculate the highest common divisor of k and m.
44
Let c be 3 - (-4 + 5 - 2). Suppose -3*p + c*r + 26 - 10 = 0, -5*r + 37 = p. What is the highest common factor of 9 and p?
3
Let h = 2481 + -2499. Suppose u + 16 = -3*u. Let i = u - h. Calculate the greatest common factor of i and 28.
14
Let k(d) = 97*d - 241. Let c be k(4). Let b = c + -144. Calculate the highest common factor of b and 225.
3
Let s be (24/(-20))/(135/(-12825)). What is the highest common divisor of s and 49248?
114
Let t = 35 - -458. Suppose 331 - t = -9*r. Calculate the highest common factor of 6 and r.
6
Let c(b) be the second derivative of -b**5/20 + b**4/12 + 6*b**3 + 5*b**2/2 - 23*b. Let k be c(6). What is the greatest common factor of k and 328?
41
Let f(a) = -13*a + 13. Let i be f(-2). Let q(n) = -92*n + 97*n - 11 - 12*n**2 - n**3 + 3*n**2. Let m be q(-10). What is the greatest common factor of m and i?
39
Let w(q) = 43*q**2 + 1046*q + 2089. Let c be w(-2). Suppose 2*f + f - 39 = 0. What is the highest common factor of f and c?
13
Let k = -1124 + 1130. Calculate the greatest common divisor of 294 and k.
6
Let a = 14979 + -1726. Calculate the greatest common divisor of 29 and a.
29
Let i be (-20)/(-50)*(-105)/(-6) - -1. Let j = 16 + -24. Let n = 24 + j. What is the greatest common factor of n and i?
8
Let o(t) = 68 + 7*t + 127 - 14*t - 5. Let x be o(18). Calculate the greatest common factor of x and 8.
8
Let m = 1168 - 1111. Calculate the greatest common factor of 6441 and m.
57
Let y = 157684 + -157639. Let s(x) = -15*x**3 + x + 2. Let p be s(-2). Calculate the greatest common divisor of y and p.
15
Let k be 75/(-27) - (-6)/(-27). Let q be k/(-1*18/150). Let s(n) = n**2 + 3*n - 5. Let l be s(-5). What is the greatest common factor of q and l?
5
Let z = 369 + -349. What is the greatest common factor of z and 155?
5
Suppose 0 = -3*w + 749 + 469. Suppose -18*k = -11*k - w. Calculate the greatest common factor of k and 29.
29
Let h be (((-1008)/(-35))/(-2))/((-80)/25 - -3). Calculate the greatest common factor of h and 9.
9
Suppose -13*o = -18362 - 70818. Calculate the greatest common divisor of 784 and o.
196
Let r be ((-1)/3)/(2/(-186)). Let g = 4381 - 4226. What is the greatest common factor of r and g?
31
Let x = 8262 - 8241. Calculate the greatest common factor of 15414 and x.
21
Let i be (147/14)/(-3) + -2*170/(-8). Let t be 1/(-3)*(-6 - 3). What is the greatest common divisor of t and i?
3
Let b(u) = -u**3 + 77*u**2 + 77*u + 106. Let t be b(78). Let s(j) = -4*j - 8. Let a be s(-3). Calculate the highest common divisor of t and a.
4
Let c(q) = 856*q - 208. Let x be c(1). Calculate the highest common divisor of 1656 and x.
72
Let d = 117 - -72. Calculate the highest common divisor of 819 and d.
63
Suppose -275 = -4*j - 2*u - 827, -j = u + 137. Let n = j + 157. What is the highest common divisor of 27 and n?
9
Suppose 32 = 17*s - 2909. Suppose -317 = -3*t + 4*b, -11*b + s = 2*t - 6*b. Calculate the highest common factor of t and 132.
33
Let n(l) = 18 + l + 0 + 40 + 0*l. Let s be n(32). What is the highest common factor of s and 135?
45
Let a = 72 - -39. Let d = -96 + a. Let c be 501/d + -4 - (-9)/15. What is the greatest common divisor of c and 10?
10
Suppose 18*h + 10 = 20*h. Let c be (-108)/(h/60*-2). Suppose -5*g + c = 3*g. Calculate the highest common factor of g and 108.
27
Let k = -521 + 768. Let q = -111 + 149. Calculate the highest common divisor of k and q.
19
Suppose 0*f + 8*f - 132 = -3*f. Calculate the highest common divisor of 64 and f.
4
Suppose 4*f - 4*o = -395 + 483, -49 = -2*f + o. What is the highest common divisor of 9 and f?
9
Suppose -q + 6549 = -3*m, 4*q = -23*m + 27*m + 26156. What is the highest common divisor of q and 54?
54
Let i be (-3)/(-4)*5248/(-738)*-162. Suppose 3*k + 5*b - 50 = 79, 4*k - 195 = b. What is the highest common factor of k and i?
48
Let r(c) = c**3 - 5*c**2 + 7*c - 6. Let z be r(6). Let v = z - 67. Let f(x) = 7*x - 11. Let b be f(v). Calculate the highest common divisor of 12 and b.
12
Suppose 176 = 39*f + 20. Let l be (-18936)/(-306) + f/34. What is the greatest common divisor of l and 217?
31
Suppose r + 8 = -2*v, 2 = -4*r + v + 6. Suppose r = -9*k + 106 + 236. What is the highest common factor of k and 19?
19
Suppose 508*l - 1098 = 502*l. Suppose 15*o - l = 12*o + 3*a, -5*a = 3*o - 175. What is the greatest common divisor of o and 360?
60
Suppose -12*p = -29*p + 272. Calculate the greatest common divisor of p and 2720.
16
Let k be 14 + -10 - 5*5. Let j = 18 + k. Let z be -14*((-14)/4 - j). Calculate the greatest common factor of z and 63.
7
Let s = -35 - -39. Suppose 5*v = 2*c - 76, -s*c - 41 = 5*v - 163. Let i = 277 + -266. What is the highest common divisor of c and i?
11
Suppose -4*b - 5*j = -4337, 0 = 10*b - 15*b + 4*j + 5452. What is the highest common factor of 192 and b?
64
Suppose -6 = 2*p, 3*b + 711 = -2*p - 642. Let r = -218 - b. Let x = -24 - -57. What is the highest common factor of r and x?
33
Suppose 3*q + 41 = 3*g - 10, 3*g + 2*q - 51 = 0. Let f be (-4354)/(-8) - (-26)/(-104). Calculate the highest common factor of f and g.
17
Suppose 3*z + z = -5*l + 9, -4*l - 3*z = -7. Let s(r) = 64*r**3 + 3*r**2 + 3*r - 4. Let q be s(l). What is the highest common divisor of 22 and q?
22
Suppose 2*o - 46 = -w, 3*w + 86 = 3*o + 197. What is the highest common divisor of w and 1090?
10
Let s be ((-690)/(-184))/(3/28). Let b(d) = 3*d**3 + 3*d**2 - d. Suppose 3 = 4*f - 3*f. Let q be b(f). What is the greatest common factor of q and s?
35
Suppose -3*o = 12, 2*d + 21*o - 22*o - 17376 = 0. What is the highest common factor of 43 and d?
43
Let h(a) = a**2 + 2*a - 36. Let s be h(6). Let y = -8 + 9. Let p be (3 + -1 - y)*0 - -3. Calculate the highest common factor of p and s.
3
Let h(v) = -4*v + 1. Let n be h(-5). Let d be (-67)/(-4)*(30 - 18). Let u = -180 + d. Calculate the highest common factor of n and u.
21
Suppose -684550 - 282050 = -50*h. Calculate the highest common divisor of 12 and h.
12
Suppose -4*s - 31 = 3*h, 2*s - 2*h = -0 + 2. Let t be ((-8)/s)/(1/148). Suppose 8*k - 6*k - 77 = -3. Calculate the highest common factor of t and k.
37
Suppose 5*s = -3*h + 302, 0 = -12*h + 14*h + 4*s - 200. What is the greatest common factor of h and 832?
104
Let u = -1273 - -2806. Suppose 259 = 4*y - u. Suppose 3*t - 4*g + y = 6*t, 5*g + 556 = 4*t. Calculate the greatest common divisor of 16 and t.
16
Let r = 158 + -162. Let i be (-13 + -2 - -1)/(r/16). What is the greatest common factor of i and 8?
8
Let p = 1187 - 780. Suppose 0 = -p*i + 404*i + 12. Suppose 20 = -b + 64. What is the highest common factor of i and b?
4
Let p(q) = 378*q**2 - 70*q + 12. Let u be p(7). Calculate the greatest common factor of u and 52.
52
Suppose 19*n = 29*n - 170. Let y(g) = 86*g**3 - 2*g**2 + 3*g - 2. Let d be y(1). What is the highest common divisor of n and d?
17
Suppose -69*l + 170889 + 332364 = 84078. Calculate the greatest common divisor of l and 25.
25
Let f be (-2)/4 - (-1346)/4. Let j be -7*22/231*(4 + (6 - 31)). What is the greatest common factor of j and f?
14
Let h = 17122 - 16727. What is the highest common divisor of 237 and h?
79
Suppose 63*k = 62*k + 245. What is the highest common factor of k and 833?
49
Suppose 0 = 3*p + 5*o - 344, -4*p + 468 = 7*o - 5*o. Suppose q - 300 = -5*x + p, -4*x = 3*q - 330. What is the highest common divisor of x and 294?
42
Suppose -52394 - 36786 = -182*q. What is the greatest common factor of 240 and q?
10
Let t(y) = y**2 + y + 3. Let u be t(5). Suppose -4*g + 149 = u. Let v be (-15)/12 + (-6)/(-40)*(466 - 71). Calculate the highest common factor of v and g.
29
Suppose 0 = -2*m + 5*d - 86 + 256, 384 = 4*m + d. What is the greatest common divisor of 4465 and m?
95
Suppose 203 = -10*p - 2*p + 1523. What is the highes